*m + 18. What is v(13)?
5
Let d(b) = b**2 + 9*b - 75. What is d(-15)?
15
Let u(n) = -2*n + 27. What is u(8)?
11
Let n(b) = b**3 - b**2 - 10*b + 23. Calculate n(2).
7
Let l(i) = -57*i**2 + 3*i - 3. Determine l(1).
-57
Let o(w) = -w**2 - 15*w - 39. Calculate o(-12).
-3
Let w(a) = -a**3 + 5*a**2 - 3*a + 10. Determine w(4).
14
Let z(k) = -3*k**2 - k. Give z(1).
-4
Let i(f) = -f**2 + 33*f + 68. Give i(35).
-2
Let w(p) = -p**3 - 2*p**2 - 2*p - 3. Calculate w(-4).
37
Let l(p) = p**2 + 13*p + 7. Give l(-9).
-29
Let f(q) = 3*q**3 - 10*q**2 - 2*q + 4. What is f(3)?
-11
Let r(u) = u**3 + 4*u**2 + u + 2. Calculate r(2).
28
Let u(v) = 6*v**2 + 7*v + 5. Give u(-1).
4
Let f(v) = 4*v - 2. Give f(-9).
-38
Let t(x) = 5*x - 92. Determine t(12).
-32
Let a(k) = -k**3 - k**2 + 93*k - 22. Determine a(9).
5
Let h(s) = -3*s + 5. Determine h(0).
5
Let r(p) = -3*p**2 - 30*p - 29. What is r(-1)?
-2
Let m(p) = p**3 - 5*p**2 - 13*p + 1. What is m(7)?
8
Let l(j) = -j**2 + 19*j - 38. Determine l(17).
-4
Let d(o) = -5*o - 34. Determine d(3).
-49
Let h(u) = 9*u**2 - 2*u - 1. Determine h(2).
31
Let z(k) = -k**3 - 4*k**2. Give z(-3).
-9
Let l(c) = c**3 + 6*c**2 - 16*c + 9. What is l(-8)?
9
Let d(h) = h - 2. What is d(2)?
0
Let p(z) = -3*z**2 + 3*z - 9. What is p(4)?
-45
Let n(a) = -a**3 + 18*a**2 + 22*a - 46. Give n(19).
11
Let w(y) = -3*y**2 - 2*y - 2. What is w(-3)?
-23
Let z(m) = -2*m**2 + 9*m - 2. Give z(4).
2
Let n(a) = -a**2 + 16*a + 18. What is n(17)?
1
Let x(f) = 4*f**2 - f - 1. Give x(-1).
4
Let s(m) = m**3 - 33*m**2 + 39*m - 74. Determine s(32).
150
Let c(x) = -10*x + 1. Give c(-1).
11
Let h(w) = -2*w**2 + 23*w - 53. Determine h(5).
12
Let y(v) = v**3 - 4*v**2 - 6*v - 4. Determine y(5).
-9
Let f(p) = p - 10. Determine f(3).
-7
Let k(l) = -l**2 - 17*l + 26. Give k(-16).
42
Let d(c) = -c**2 - 16*c - 30. Give d(-15).
-15
Let s(b) = -14*b + 7. Give s(-1).
21
Let v(z) = -z**2 - 2. What is v(3)?
-11
Let n(o) = -3*o - 91. What is n(-32)?
5
Let g(k) = k**2 - 11*k - 143. Calculate g(-7).
-17
Let j(v) = v - 11. What is j(-6)?
-17
Let t(y) = -y**2 - 34*y - 110. Determine t(-30).
10
Let z(d) = d**3 - 7*d**2 + 7*d + 3. Calculate z(4).
-17
Let s(o) = -o**3 + 6*o**2 + 15*o - 1. Determine s(8).
-9
Let w(u) = u**2 - 9*u - 3. Determine w(5).
-23
Let a(i) = i + 10. What is a(8)?
18
Let a(m) = 11*m + 3. Calculate a(1).
14
Let t(u) = u + 8. What is t(-15)?
-7
Let p(y) = 2*y**2 + 6*y - 2. Give p(-5).
18
Let p(u) = -u**2 + 5*u + 3. Calculate p(6).
-3
Let d(u) = -u**2 + 5*u + 10. What is d(6)?
4
Let u(n) = n**3 - 13*n**2 + 22*n. What is u(11)?
0
Let b(y) = -y**2 + 16*y - 6. Give b(16).
-6
Let s(x) = 9*x + 13. Calculate s(-3).
-14
Let t(k) = -k**3 - 9*k**2 + 3*k - 9. Calculate t(-9).
-36
Let r(h) = 8*h**3 + h**2. Give r(-1).
-7
Let p(y) = 24*y + 392. Determine p(-16).
8
Let x(l) = l**3 + 5*l**2 - 5*l - 3. Calculate x(-5).
22
Let y(c) = c**2 + 15*c + 9. What is y(-13)?
-17
Let n(p) = -p**3 + 20*p**2 - 18*p - 22. Give n(19).
-3
Let l(c) = -3*c**2 + 6*c + 3. Calculate l(3).
-6
Let x(c) = c**2 - 5*c - 1. What is x(4)?
-5
Let q(z) = 34*z - 133. What is q(4)?
3
Let z(d) = d**2 + 62*d - 401. Give z(6).
7
Let h(b) = -b**3 + 12*b**2 + 14*b - 13. Calculate h(13).
0
Let s(j) = 12*j + 62. Give s(-5).
2
Let d(n) = -n**3 - 31*n**2 + 29*n - 103. Give d(-32).
-7
Let v(y) = -12*y - 3. What is v(-2)?
21
Let r(g) = -10*g + 4. Determine r(5).
-46
Let h(r) = -r**2 + 17*r + 147. What is h(23)?
9
Let f(d) = -d**3 - 7*d**2 - 2*d - 5. Give f(-7).
9
Let n(g) = 30*g + 1. Calculate n(0).
1
Let o(z) = -2*z**3 + 3*z**2 + 9*z. What is o(4)?
-44
Let a(h) = -h - 21. Give a(-9).
-12
Let s(n) = 3*n**3 + 3*n**2 + 4*n + 2. Calculate s(-2).
-18
Let k(u) = -2*u**3 - 3*u**2 - 6*u - 8. What is k(-2)?
8
Let m(n) = 10*n**3 + 4*n**2 - 7*n + 9. Determine m(2).
91
Let d(m) = -m**2 + 26*m + 44. Calculate d(28).
-12
Let u(r) = r**2 + 9*r - 7. What is u(-9)?
-7
Let i(c) = -17*c + 167. Give i(9).
14
Let l(b) = 4*b**2 + 79*b + 66. What is l(-19)?
9
Let l(d) = -d**3 + 2*d**2 - 1. Give l(2).
-1
Let v(m) = 3*m + 6. Determine v(-11).
-27
Let r(n) = n**2 - 7*n. Give r(0).
0
Let o(b) = b**3 - 29*b**2 + 56*b - 43. Calculate o(27).
11
Let r(j) = j**2 - 11*j + 15. What is r(7)?
-13
Let a(v) = -v**3 + v**2 - 5*v - 1. Calculate a(5).
-126
Let j(p) = p**3 - 17*p**2 + 17*p - 15. Determine j(16).
1
Let z(w) = 2*w + 13. Determine z(-8).
-3
Let q(a) = a**2 - 9*a. Determine q(7).
-14
Let p(w) = 5*w**2 + 6*w + 4. Calculate p(-1).
3
Let r(m) = m**3 - 5*m**2 + 7*m - 22. Give r(5).
13
Let z(s) = 2*s - 45. Give z(22).
-1
Let t(j) = j**2 - 20*j - 209. Calculate t(28).
15
Let h(p) = -p**2 - 10*p - 9. Determine h(-5).
16
Let z(n) = -5*n**2 + 12*n + 6. Determine z(3).
-3
Let i(b) = 2*b**2 + 3*b - 3. Give i(-4).
17
Let u(t) = t**3 + 2*t**2 - 10*t + 3. Calculate u(-5).
-22
Let r(d) = -d. Determine r(10).
-10
Let z(j) = -2*j**2 + 5*j - 2. Determine z(2).
0
Let m(t) = 2*t**2 + t + 4. What is m(-2)?
10
Let y(x) = -13*x + 57. What is y(5)?
-8
Let x(w) = -w - 3. Determine x(3).
-6
Let n(d) = d**3 - 9*d**2 - 3*d + 9. Give n(9).
-18
Let g(v) = 2*v**2 + v - 2. What is g(-3)?
13
Let k(q) = q - 11. What is k(8)?
-3
Let d(z) = 3*z**2 + 16*z + 7. Determine d(-6).
19
Let l(t) = t - 7. Determine l(-8).
-15
Let x(y) = -5*y + 23. Calculate x(9).
-22
Let f(p) = -p**2 + 5*p + 1. Calculate f(6).
-5
Let k(j) = 72*j**3 - 2*j + 1. Give k(1).
71
Let p(f) = -17*f - 189. What is p(-11)?
-2
Let j(f) = f**3 - 8*f**2 + 2*f + 11. Determine j(-3).
-94
Let i(a) = a**2 + 11*a - 14. Determine i(-12).
-2
Let c(b) = -b**3. Give c(1).
-1
Let d(j) = 14*j + 19. What is d(-8)?
-93
Let g(q) = q**2 - 7*q - 1. Determine g(6).
-7
Let s(f) = f**2 - 10*f + 7. Give s(17).
126
Let c(t) = t**3 - 6*t**2 - 2*t - 7. Calculate c(5).
-42
Let c(d) = -3*d**2 - d. Determine c(-1).
-2
Let l(c) = -2*c**3 - c**2 + c + 3. Give l(2).
-15
Let r(d) = 4*d - 23. Give r(16).
41
Let d(k) = k**2 + 2*k + 5. Determine d(4).
29
Let y(c) = c**3 - 4*c**2 - 5*c - 5. Give y(5).
-5
Let m(o) = -o**2 - 13*o + 15. Give m(-14).
1
Let d(k) = 6*k. Give d(-1).
-6
Let i(a) = 59*a - 418. Calculate i(7).
-5
Let b(z) = -10*z + 240. What is b(25)?
-10
Let u(v) = -3*v - 8. Determine u(8).
-32
Let a(t) = -t**3 + 5*t**2 + 7*t - 16. Calculate a(6).
-10
Let c(k) = 13*k + 95. Determine c(-6).
17
Let x(p) = 21*p + 83. Determine x(-4).
-1
Let w(q) = -3*q - 9. Calculate w(-4).
3
Let s(l) = -l**3 + 5*l**2 + 11. Give s(6).
-25
Let j(u) = 2*u**2 - 25*u + 13. What is j(11)?
-20
Let d(p) = -4*p + 22. Determine d(4).
6
Let t(l) = -l**2 - 12*l - 19. What is t(-9)?
8
Let d(r) = r**2 + 11*r - 8. What is d(-12)?
4
Let g(h) = -40*h**2 - 6*h - 6. Calculate g(-1).
-40
Let p(s) = s**3 - 3*s**2 - 88*s - 3. Give p(11).
-3
Let f(v) = v**2 - 11*v + 13. Give f(9).
-5
Let p(s) = s**2 - s - 7. Determine p(0).
-7
Let f(t) = t**2 - 8*t - 4. Give f(4).
-20
Let v(d) = 5*d**2 - 4*d + 9. Determine v(4).
73
Let x(s) = s + 5. What is x(-5)?
0
Let k(b) = -b**2 + 20*b + 25. Calculate k(22).
-19
Let x(g) = g**2 - 14*g + 20. Determine x(8).
-28
Let n(s) = -s**3 - 23*s**2 + 6. Give n(-23).
6
Let r(m) = m**3 - 3*m**2 - 11. Calculate r(4).
5
Let h(z) = z**3 + 5*z**2 - 50*z - 12. Give h(-10).
-12
Let d(c) = -c**3 - 4*c**2 - 4*c - 2. Determine d(-4).
14
Let y(x) = -x**2 - 9*x - 1. What is y(-8)?
7
Let l(y) = 14*y - 300. Determine l(22).
8
Let o(y) = -2*y**3 + 121*y**2 + 63*y - 130. Give o(61).
-8
Let y(s) = -s**3 + 6*s**2 + 11*s + 1. Give y(6).
67
Let z(p) = 7*p + 12. Determine z(-3).
-9
Let g(h) = -h**3 - 5*h**2 - 2*h - 3. Calculate g(-4).
-11
Let g(a) = -57*a - 802. Calculate g(-14).
-4
Let q(j) = 49*j - 932. Calculate q(19).
-1
Let k(z) = z**3 - 6*z**2 + 5*z - 7. Calculate k(7).
77
Let g(d) = -d**3 + 36*d**2 + 72*d + 155. Calculate g(38).
3
Let y(x) = x**2 + 3*x - 1. What is y(3)?
17
Let k(m) = m**3 + 6*m**2 - 8*m - 1. What is k(-7)?
6
Let r(t) = -2*t**2 + 11*t + 12. Calculate r(6).
6
Let y(c) = -c**2 + 13*c - 48. Determine y(5).
-8
Let d(v) = -v**2 + 16*v - 16. Calculate d(16).
-16
Let f(s) = -3*s**2 - 11*s + 8. Determine f(-5).
-12
Let q(j) = -14*j**3 + 2*j**2 + 2*j + 1. What is q(-1)?
15
Let j(l) = -20*l**2 - 5*l - 6. Calculate j(-1).
-21
Let u(t) = t - 14. What is u(-1)?
-15
Let u(i) = 22*i - 11. Determine u(0).
-11
Let c(i) = 2*i**2 - 12*i + 10. Determine c(8).
42
Let r(j) = -3*j - 59. What